 divided by 257?
187
Let x(t) = -23*t - 11. Let z be x(-1). Calculate the remainder when 40 is divided by (-441)/14*(-8)/z.
19
Let b(y) = 5*y**2 - 15*y - 14. What is the remainder when 928 is divided by b(5)?
28
Let h = 132 + 54. Suppose -3*g = -0*g - 3*j - h, -2*j = -g + 63. Calculate the remainder when 117 is divided by g.
56
Let p(l) = l**2 - 21*l + 224. Let y be p(0). Let o = y + 27. Calculate the remainder when o is divided by 23.
21
Let q = -35454 + 35490. Let t(m) = 7 + 3 + 24*m + 0. What is the remainder when t(7) is divided by q?
34
What is the remainder when 283 is divided by 6*((264/(-55))/(-3) - (-858)/45)?
35
Calculate the remainder when (2/5)/((153/990)/17) is divided by 14.
2
Suppose -4*h - h = 4*w + 167, -5*w + 150 = -4*h. What is the remainder when -78*h/(-15)*(-2)/4 is divided by 46?
45
Suppose -469*l = -467*l - c - 3131, 4*c + 4699 = 3*l. Calculate the remainder when l is divided by 49.
46
Let u be 1 + 2 - (2 - -54). Let f = -48 - u. Suppose -52 = -f*a - 32. Calculate the remainder when 19 is divided by a.
3
Let g = 8605 - 7831. What is the remainder when g is divided by 98?
88
Let r(o) = -3702*o - 3680. Let n = 0 + 2. Suppose -b + 42 = n*b. What is the remainder when r(-1) is divided by b?
8
Let a(b) be the third derivative of -b**5/60 + b**4/8 + 2*b**3/3 + 9*b**2. Calculate the remainder when 3 + -12*(2/4 + -1) is divided by a(3).
1
What is the remainder when -4*(4 - 15235/10) is divided by 16?
14
Let b(w) = 3*w**2 + w - 4. Let i be b(1). Suppose i = -40*n + 35*n + 20. Calculate the remainder when -12*(3/2)/(-3) is divided by n.
2
Let w(p) = -p + 12. Let r be w(10). Suppose r*k = -b + 39, 3*k + 3*b + 2*b - 41 = 0. Calculate the remainder when (-1 - 2 - -5)/4*218 is divided by k.
21
Let n(f) = 3*f**3 - 13*f**2 - 8. Let z be n(5). Suppose w + 3 = -2*l - 2*l, -2*w + 4*l = -z. What is the remainder when w is divided by 6?
1
Let i be (4/8)/((-2)/12). Let r be ((-4)/3)/((-2)/i) + 266. Suppose a + 3*a - r = 0. What is the remainder when a is divided by 17?
15
Let v(b) = b**3 - 22*b**2 - 20*b - 32. Suppose 8*f + 2*h = 9*f - 925, 0 = -5*f + 4*h + 4619. What is the remainder when f is divided by v(23)?
35
Let x(n) = 0*n + n + 16 - 8 + 15. Suppose 0 = 2*i - 4*w + 8 + 4, 2*w + 2 = 0. What is the remainder when 102 is divided by x(i)?
12
Let d = -18 + 28. Let p = 80 - 78. Suppose 0 = -3*v - p*m + 5*m + 36, -4*v - m = -73. Calculate the remainder when v is divided by d.
7
Suppose -5*h = -4*n + 1838, -h + 1822 = 4*n + 2*h. Suppose -10*f - 163 = n. Let g = f + 68. What is the remainder when 34 is divided by g?
4
Suppose 0 = -5*a - k + 48, 7*a - 6*a - k = 12. Let r = 146 + -99. What is the remainder when r is divided by a?
7
Calculate the remainder when (-3645)/(-12) - 1/(-4) is divided by (3 + 14)/(150/450).
49
Let u be ((-40)/6)/((-4)/30). Suppose 0 = -9*b - u + 185. Suppose 5*f + p - 1080 = -409, -f + 136 = 2*p. What is the remainder when f is divided by b?
14
Let p = -590 - -626. What is the remainder when ((-93)/(-6))/(9/p) is divided by 21?
20
Suppose -25*f + 1743 = -2507. What is the remainder when 333 is divided by f?
163
Suppose 4*r = -5*o + 238, 4*o + 4*r - 6 = 186. Suppose 2*z - o = 28*b - 27*b, -b = 3*z - 74. Let m = 159 - 66. What is the remainder when m is divided by z?
21
What is the remainder when 2245 is divided by 9310/(-399)*27/(-30)?
19
Suppose d - 3*t - 1 = -4*t, -4*t = -d + 11. Let p = d - -2. Let i = 11609 + -11600. Calculate the remainder when i is divided by p.
4
Suppose -4*p = -s - 1093, 10*p - 1370 = 5*p + 2*s. Suppose -a + 3*b = -2*b - 68, -8*b - p = -5*a. Calculate the remainder when 101 is divided by a.
5
Suppose -25*u + 6*u = -133. Suppose 111 = u*n + 55. What is the remainder when 12 is divided by n?
4
Let a = 101 - 49. Let r = -58 + a. What is the remainder when 25 is divided by 432/45 + r/(-15)?
5
Let g = -5322 - -5498. Calculate the remainder when g is divided by 48.
32
Let j(a) = a**2 - 9*a - 62. Calculate the remainder when 12345 is divided by j(-6).
25
Let c(v) = 3*v - 21. Suppose -2*q = -0*q - 4*s - 20, s = 0. Let n = 37 + -31. Calculate the remainder when c(q) is divided by n.
3
Suppose 369*p - 374*p + 50 = 0. What is the remainder when 1536 is divided by p?
6
Let q(a) be the first derivative of -a**2/2 - 16*a - 23. Let h(d) = d + 16. Let n(p) = -3*h(p) - 4*q(p). Calculate the remainder when 9 is divided by n(-10).
3
Let d(v) = -7*v**2 + v + 20. Let t(u) = -7*u**2 + 19. Let s(w) = 5*d(w) - 6*t(w). Calculate the remainder when s(4) is divided by 60.
58
Let c = 312 - 285. What is the remainder when 138 is divided by c?
3
Let p = 111 + -73. Calculate the remainder when 707*(2 - 2 - (-450)/525) is divided by p.
36
Suppose 883*z - 84 = 880*z + 105. Suppose 4*f = -12, f = -5*o - f + 1239. What is the remainder when o is divided by z?
60
Let c(v) = 47*v**3 - 137*v**2 + 9*v - 5. What is the remainder when c(6) is divided by 85?
84
Suppose -142*o + 0*o + 16188 = 0. Calculate the remainder when 2275 is divided by o.
109
Let o be ((-47)/(-3) + 3)/((-16)/(-384)). Suppose 19*d = o + 141. Calculate the remainder when 187 + -2 + (-2 - -2) is divided by d.
30
Suppose -5*b = 15, 5*o + 1 = -4*b - 1. Suppose 0 = o*x + 69 - 233. Suppose 7*d - x = 457. Calculate the remainder when d is divided by 26.
25
Let r = 9640 + -9583. What is the remainder when 897 is divided by r?
42
Let f be 18*(-4 - (-21)/6). Let j be (-26)/f - (-2)/18. Suppose 78 = -g + j*g. What is the remainder when g is divided by 20?
19
Suppose 73*v = 67*v + 270. Suppose -19*j = 12*j - 4805. Calculate the remainder when j is divided by v.
20
Suppose 27*f = 115*f - 880. Calculate the remainder when 16 is divided by f.
6
Let u be 3/(-10)*2*-5. Suppose -43 = -z + 3*a, -z - 2*a = u*a - 27. What is the remainder when 107 is divided by z?
33
Let p(o) be the third derivative of o**6/120 - o**5/15 - o**4/24 + 25*o**2. Suppose 0 = 2*m - 31 + 21. What is the remainder when 76 is divided by p(m)?
16
Let j = 51 - 49. Let b(a) = -4*a**3 - 2*a**2 + 6*a - 6. Let m be b(j). Let w = 36 + m. What is the remainder when 4 is divided by w?
0
Let y = -157 + 163. Suppose -17 = -4*s - 5*l, -14 = -4*s - 4*l + y. Calculate the remainder when 23 is divided by s.
7
Let s(u) be the first derivative of -2*u**3/3 - 11*u**2 + 40*u - 229. What is the remainder when 265 is divided by s(-12)?
9
Let f be (1 + (-665)/(-28))/((-1)/4). Suppose -n - 439 = 5*x, -x + 2*n - 55 = 24. Let z = x - f. What is the remainder when 43 is divided by z?
7
Suppose 29*o + 99*o - 324866 = o. What is the remainder when o is divided by 40?
38
Suppose 8544 = -12*c - 12*c. Let r = 371 + c. Calculate the remainder when 447 is divided by r.
12
Let v = -338 - -353. Suppose -v*x = -4*x - 33. Calculate the remainder when x is divided by 3.
0
Let k(m) = 54*m**3 - m**2 + 167*m - 165. What is the remainder when 1701 is divided by k(1)?
51
Let j(g) = -g**3 + 29*g**2 - 29*g + 50. Suppose 9*n - 333 = -81. What is the remainder when 130 is divided by j(n)?
20
Suppose i = 4*o + 75, -23*o = -5*i - 27*o + 375. Calculate the remainder when i is divided by 19.
18
Let b(w) be the first derivative of w**4/2 - 4*w**3/3 + 4*w**2 - 3*w + 75. What is the remainder when 194 is divided by b(3)?
38
Suppose -f - 329 = -5*r - 136, -f - r - 199 = 0. Let m = f - -212. Calculate the remainder when 38 is divided by m.
10
Suppose -7*a + 0*a + 476 = 0. What is the remainder when 3*3*a/6 is divided by 8?
6
Let r(j) be the second derivative of -20*j**3/3 + j**2 + 168*j. What is the remainder when r(-1) is divided by 9?
6
Suppose l + 6*v = v + 30, 5*v = 15. Let k = 180 + -72. Let o = -65 + k. What is the remainder when o is divided by l?
13
Let u = 38 + -42. Let k = u + 21. What is the remainder when 113 is divided by k?
11
Suppose -3*b - 39 = -3*n, 4*n - 6*b + b = 47. Let q = 77 - 70. Suppose 0 = -5*y - q - n, -2*y = -i + 37. What is the remainder when 51 is divided by i?
24
Suppose 2*l - 3*u = -2*l + 33, -6 = 2*u. Suppose -29 = -l*q - 5. Suppose -16 = q*j, -w - 2*j + j + 101 = 0. Calculate the remainder when w is divided by 27.
24
Let y(i) = -i**3 + 4 + 5*i - 158895*i**2 + 158895*i**2. Calculate the remainder when 64 is divided by y(-3).
0
Suppose 2*a = -5*t + 1019, -5*a + 1308 = 4*t - 1197. What is the remainder when a is divided by 4?
1
Let i